{"id":6,"date":"2025-04-12T12:34:46","date_gmt":"2025-04-12T12:34:46","guid":{"rendered":"https:\/\/anitabett.dk\/?page_id=6"},"modified":"2025-11-26T12:56:42","modified_gmt":"2025-11-26T11:56:42","slug":"hypnose","status":"publish","type":"page","link":"https:\/\/anitabett.dk\/index.php\/hypnose\/","title":{"rendered":"Hypnose"},"content":{"rendered":"\n<div class=\"wp-block-group alignwide has-global-padding is-layout-constrained wp-block-group-is-layout-constrained\">\n<p class=\"has-text-align-right has-small-font-size\">Hop til: <a href=\"#form\u00e5l\">Form\u00e5l<\/a>, <a href=\"#kombineret\">Kombineret behandling<\/a><\/p>\n\n\n\n<p class=\"wp-container-content-1\">Hypnose er en tilstand, hvor bevidsthedens kritiske sans passiviseres i en mental fokusering. Det opleves naturligt ved fx dagdr\u00f8mme, at falde i staver eller at blive opslugt. Under hypnose g\u00e5r man ind og arbejder aktivt med underbevidstheden, s\u00e5 den fokuseres p\u00e5 at \u00e6ndre p\u00e5 uhensigtsm\u00e6ssig vanet\u00e6nkning, som styrer dit liv.<\/p>\n<\/div>\n\n\n\n<div class=\"wp-block-group alignwide has-global-padding is-layout-constrained wp-block-group-is-layout-constrained\">\n<div style=\"height:36px\" aria-hidden=\"true\" class=\"wp-block-spacer\"><\/div>\n\n\n\n<div class=\"wp-block-columns alignwide is-layout-flex wp-container-core-columns-is-layout-1 wp-block-columns-is-layout-flex\">\n<div class=\"wp-block-column is-vertically-aligned-center has-global-padding is-content-justification-center is-layout-constrained wp-container-core-column-is-layout-1 wp-block-column-is-layout-constrained\" style=\"flex-basis:40%\">\n<blockquote class=\"wp-block-quote alignleft is-layout-flow wp-block-quote-is-layout-flow\">\n<p class=\"has-text-align-left has-heading-font-family has-x-large-font-size\" style=\"line-height:1.2\">Hypnose er vejen til mental selvudvikling.<\/p>\n<\/blockquote>\n<\/div>\n\n\n\n<div class=\"wp-block-column is-layout-flow wp-block-column-is-layout-flow\">\n<p>Hypnose kan p\u00e5 den m\u00e5de skabe kontakt til dit indre kompas, som kan \u00e6ndre dine styreredskaber.<\/p>\n\n\n\n<p>Hypnose er et fantastisk v\u00e6rkt\u00f8j som hj\u00e6lp til v\u00e6gttab, rygestop og h\u00e5ndtering af stress. Derudover kan det hj\u00e6lpe med andre forhindringer, som st\u00e5r i vejen for at f\u00e5 et friere liv, uden mentale begr\u00e6nsninger.<\/p>\n\n\n\n<p>Jeg vil elske at hj\u00e6lpe dig med at give slip p\u00e5 det, der ikke l\u00e6ngere fungerer i dit liv. Om det er at smide overfl\u00f8dige kg, slippe fobier eller n\u00e5 dine dr\u00f8mme, s\u00e5 er jeg klar. Har du besluttet, at du vil \u00e6ndre din indre software?<\/p>\n<\/div>\n<\/div>\n\n\n\n<div style=\"height:36px\" aria-hidden=\"true\" class=\"wp-block-spacer\"><\/div>\n<\/div>\n\n\n\n<div class=\"wp-block-cover alignfull has-parallax\" style=\"padding-top:var(--wp--preset--spacing--50);padding-right:var(--wp--preset--spacing--50);padding-bottom:var(--wp--preset--spacing--50);padding-left:var(--wp--preset--spacing--50);min-height:390px;aspect-ratio:unset;\"><span aria-hidden=\"true\" class=\"wp-block-cover__background has-base-background-color has-background-dim-0 has-background-dim\"><\/span><div class=\"wp-block-cover__image-background wp-image-135 has-parallax\" style=\"background-position:50% 50%;background-image:url(http:\/\/anitabett.dk\/wp-content\/uploads\/2025\/11\/hypnose.webp)\"><\/div><div class=\"wp-block-cover__inner-container has-global-padding is-layout-constrained wp-container-core-cover-is-layout-1 wp-block-cover-is-layout-constrained\">\n<div class=\"wp-block-group has-global-padding is-layout-constrained wp-block-group-is-layout-constrained\">\n<div style=\"height:155px\" aria-hidden=\"true\" class=\"wp-block-spacer\"><\/div>\n<\/div>\n<\/div><\/div>\n\n\n\n<div style=\"height:40px\" aria-hidden=\"true\" class=\"wp-block-spacer\"><\/div>\n\n\n\n<div class=\"wp-block-group alignwide has-global-padding is-layout-constrained wp-block-group-is-layout-constrained\">\n<hr class=\"wp-block-separator has-alpha-channel-opacity\" id=\"form\u00e5l\"\/>\n\n\n\n<h2 class=\"wp-block-heading has-text-align-center\">Hvad kan hypnose g\u00f8re for dig?<\/h2>\n\n\n\n<div style=\"height:40px\" aria-hidden=\"true\" class=\"wp-block-spacer\"><\/div>\n\n\n\n<div class=\"wp-block-columns alignwide is-layout-flex wp-container-core-columns-is-layout-2 wp-block-columns-is-layout-flex\">\n<div class=\"wp-block-column is-layout-flow wp-block-column-is-layout-flow\">\n<p class=\"has-text-align-left\"><strong>V\u00e6gttab<\/strong><\/p>\n\n\n\n<p class=\"has-text-align-left\">Ved hypnose for v\u00e6gttab og kost\u00e6ndring vil vi tage udgangspunkt i dit liv, og dine vaner omkring mad, v\u00e6gt og de tanker du har om det. Vi vil kigge p\u00e5, hvilke faldgruber du har i dit liv, som g\u00f8r at du tyer til overspisning og forkert mad, som stille og roligt har lagt kg efter kg p\u00e5 din v\u00e6gt.<\/p>\n\n\n\n<p class=\"is-style-text-annotation is-style-text-annotation--1\"><em>L\u00e6s mere om varigt v\u00e6gttab med hypnose p\u00e5 min Facebook-side <a href=\"https:\/\/www.facebook.com\/profile.php?id=61571640532092\"><strong>her<\/strong><\/a><\/em>.<\/p>\n\n\n\n<p class=\"is-style-text-annotation is-style-text-annotation--2\"><em>Tilmeld dig nyhedsbrev om varigt v\u00e6gttab <strong><a href=\"https:\/\/anitabettbertelsen.kit.com\/946b30fbd6?fbclid=IwZXh0bgNhZW0CMTEAAR4UGGZIUVRuGfrxxoxYyralaLgoJhagzst6d-5xzDHpqK8zfmR_dhwh4iG10A_aem_04G1ynP5gIMgAx4Rb28psA\" data-type=\"link\" data-id=\"https:\/\/anitabettbertelsen.kit.com\/946b30fbd6?fbclid=IwZXh0bgNhZW0CMTEAAR4UGGZIUVRuGfrxxoxYyralaLgoJhagzst6d-5xzDHpqK8zfmR_dhwh4iG10A_aem_04G1ynP5gIMgAx4Rb28psA\">her<\/a>.<\/strong><\/em><\/p>\n<\/div>\n\n\n\n<div class=\"wp-block-column is-layout-flow wp-block-column-is-layout-flow\">\n<p class=\"has-text-align-left\"><strong>Rygestop<\/strong><\/p>\n\n\n\n<p class=\"has-text-align-left\">Hvis du er klar og har taget en beslutning om, at cigaretter ikke l\u00e6ngere skal v\u00e6re en del af dit liv, og helhjertet vil g\u00e5 ind i at \u00e6ndre p\u00e5 det, &#8211; og har du brug for at f\u00e5 lige det sidste skub til at det denne gang vil lykkes for dig. S\u00e5 er jeg klar til at hj\u00e6lpe dig.<\/p>\n<\/div>\n\n\n\n<div class=\"wp-block-column is-layout-flow wp-block-column-is-layout-flow\">\n<p class=\"has-text-align-left\"><strong>Stressh\u00e5ndtering<\/strong><\/p>\n\n\n\n<p class=\"has-text-align-left\">Jeg hj\u00e6lpe dig med redskaber, som g\u00f8r dig bedre til at passe p\u00e5 dig selv, og bedre h\u00e5ndtere presset fra din arbejdsplads og omgivelser. I samtale vil vi g\u00e5 ind i, i hvilke situationer du bliver presset, og hvordan du kan \u00e6ndre p\u00e5 din m\u00e5de at h\u00e5ndtere det.<\/p>\n<\/div>\n<\/div>\n\n\n\n<div class=\"wp-block-group alignwide has-global-padding is-content-justification-left is-layout-constrained wp-container-core-group-is-layout-4 wp-block-group-is-layout-constrained\">\n<div style=\"height:34px\" aria-hidden=\"true\" class=\"wp-block-spacer\"><\/div>\n\n\n\n<p class=\"has-text-align-left\"><strong>Yderligere information<\/strong>:<\/p>\n\n\n\n<details class=\"wp-block-details alignwide is-layout-flow wp-block-details-is-layout-flow\"><summary>L\u00e6s om v\u00e6gttab her<\/summary>\n<div class=\"wp-block-columns is-layout-flex wp-container-core-columns-is-layout-3 wp-block-columns-is-layout-flex\">\n<div class=\"wp-block-column is-layout-flow wp-block-column-is-layout-flow\">\n<p>Hvis dine madvaner blev \u00e6ndret, hvordan ville dit liv da \u00e6ndre sig?<\/p>\n\n\n\n<p>Mit eget eksempel:<\/p>\n\n\n\n<p>Jeg ved godt, hvad jeg skal spise for at holde min krop sund og slank, og alligevel var jeg endt med adskillige kg for meget p\u00e5 sidebenene. Men hver gang jeg havde taget en beslutning om, at NU skulle det v\u00e6re slut, &#8220;kaldte&#8221; min krop p\u00e5 alt det, som ikke var godt for mig, &#8211; blodsukkeret manglede den ekstra benzin, som sukker og hurtige kalorier kunne give mig. Jeg kunne ikke klare at v\u00e6re sulten med en f\u00e5 minutter, uden at jeg straks m\u00e5tte s\u00f8ge efter noget at dulme kroppens signaler med.<\/p>\n\n\n\n<p>Med Hypnose fik jeg kontrollen hjem til mig selv, jeg lavede om p\u00e5 mine vaner omkring mad og is\u00e6r s\u00f8de sager. Mine indk\u00f8bsvaner blev \u00e6ndret, ved at jeg \u00e6ndrede min tankegang. I starten bet\u00f8d det, at jeg bevidst m\u00e5tte spise det sunde mad, &#8211; bevidst v\u00e6lge det der gjorde min fysiske krop glad. Stille og roligt \u00e6ndrede min krop sig til at tanken om en l\u00e6kker salat, blev det jeg s\u00f8gte.<\/p>\n\n\n\n<p>\u200bTanken om noget s\u00f8dt og usundt blev en tanke, jeg kunne skifte ud med en tanke om noget l\u00e6kkert sundt. I dag kan jeg stadig v\u00e6lge at spise noget usundt, &#8211; jeg spiser bare mindre af det, for mit behov for at proppe mig har \u00e6ndret sig.<\/p>\n\n\n\n<p>\u200bHypnosen har \u00e6ndret p\u00e5 mit eget mindset og derved er min krop dag for dag mere sund, og slank. Jeg er p\u00e5 et halvt \u00e5r g\u00e5et fra at veje 84,2 kg til i dag 75,4 kg &#8211; og den daler stille og roligt. Jeg f\u00f8ler mig sund og slank, og den tanke, som blev plantet med hypnosen, manifesterer sig i min fysiske krop.<\/p>\n<\/div>\n\n\n\n<div class=\"wp-block-column is-layout-flow wp-block-column-is-layout-flow\">\n<figure class=\"wp-block-image size-full is-resized\"><img decoding=\"async\" src=\"https:\/\/tjoernebo.dk\/wp-content\/uploads\/2025\/01\/vaegttab.jpg\" alt=\"\" class=\"wp-image-141\" style=\"width:368px;height:auto\"\/><\/figure>\n\n\n\n<p>Du kan sp\u00f8rge dig selv:<\/p>\n\n\n\n<ul class=\"wp-block-list\">\n<li>Har du brug for hj\u00e6lp til at tabe dig, og \u00e6ndre p\u00e5 din kost og tanker omkring mad og overspisning?<\/li>\n\n\n\n<li>Kunne du t\u00e6nke dig at \u00e6ndre p\u00e5 de tanker du har om dig selv, og hvordan du spiser?<\/li>\n\n\n\n<li>Hvordan ville dit liv v\u00e6re, hvis du fik kontrollen tilbage til dig selv, og den m\u00e5de du spiser p\u00e5?<\/li>\n<\/ul>\n<\/div>\n<\/div>\n<\/details>\n\n\n\n<details class=\"wp-block-details alignwide is-layout-flow wp-block-details-is-layout-flow\"><summary>L\u00e6s om rygestop her<\/summary>\n<div class=\"wp-block-columns is-layout-flex wp-container-core-columns-is-layout-4 wp-block-columns-is-layout-flex\">\n<div class=\"wp-block-column is-layout-flow wp-block-column-is-layout-flow\">\n<p>Kan du helt klart sige ja til, at NU er det NU, &#8211; s\u00e5 er jeg klar til at give dig det rigtige skub og mentalt ruste dig til at sige: &#8220;Jeg er r\u00f8gfri og det falder mig let.&#8221;<\/p>\n\n\n\n<p>Min erfaring:<\/p>\n\n\n\n<p>Jeg har aldrig v\u00e6ret fast ryger, men har i f\u00e5 tilf\u00e6lde m\u00e6rket hvordan rygetrang kan p\u00e5virke din krop, p\u00e5 samme m\u00e5de som anden afh\u00e6ngighed. Cigaretterne indeholder stoffer, som stimulerer din afh\u00e6ngighed, s\u00e5 du efter kort tids rygning vil opbygge et fysisk behov for at ryge.<\/p>\n\n\n\n<p>I vore samtale vil vi tale ind til dine vaner omkring rygning, hvorn\u00e5r du ryger, og i hvilken forbindelse, &#8211; og hvordan du kan \u00e6ndre dine vaner omkring cigaretterne, s\u00e5 du n\u00e5r i m\u00e5l med dit \u00f8nske om rygestop, &#8211; og du holder det.\u200b<\/p>\n<\/div>\n\n\n\n<div class=\"wp-block-column is-layout-flow wp-block-column-is-layout-flow\">\n<p>Du kan sp\u00f8rge dig selv:<\/p>\n\n\n\n<ul class=\"wp-block-list\">\n<li>Kunne du t\u00e6nke dig at f\u00e5 hj\u00e6lp til at kvitte sm\u00f8gerne?<\/li>\n\n\n\n<li>Er du klar til at se p\u00e5 de vaner, der forbinder dig med rygning?<\/li>\n\n\n\n<li>Vil du starte med en mere sund levevis uden r\u00f8g?<\/li>\n\n\n\n<li>Hvad kan du \u00e6ndre p\u00e5, som erstatter din rygning?<\/li>\n\n\n\n<li>Har du taget beslutningen om at v\u00e6re r\u00f8gfri?<\/li>\n<\/ul>\n\n\n\n<figure class=\"wp-block-image size-full is-resized\"><img decoding=\"async\" src=\"https:\/\/tjoernebo.dk\/wp-content\/uploads\/2025\/01\/rygestop.webp\" alt=\"\" class=\"wp-image-143\" style=\"width:331px;height:auto\"\/><\/figure>\n<\/div>\n<\/div>\n<\/details>\n\n\n\n<details class=\"wp-block-details alignwide is-layout-flow wp-block-details-is-layout-flow\"><summary>L\u00e6s om stressh\u00e5ndtering her<\/summary>\n<div class=\"wp-block-columns is-layout-flex wp-container-core-columns-is-layout-5 wp-block-columns-is-layout-flex\">\n<div class=\"wp-block-column is-layout-flow wp-block-column-is-layout-flow\">\n<p>Er du klar til at sige farvel til stress i dit liv, og f\u00e5 hj\u00e6lp til at blive bedre til at h\u00e5ndtere dit liv p\u00e5 en mere afslappet m\u00e5de?<\/p>\n\n\n\n<p>Vi vil have fokus p\u00e5, hvordan du kan blive bedre til at sige fra, og prioritere dig selv f\u00f8rst i dit liv.<\/p>\n\n\n\n<p>I hypnosen vil vi fokusere p\u00e5, at styrke dig mentalt til at handle anderledes og skabe mere ro i dit liv.<\/p>\n\n\n\n<p>Er du klar til at skabe forandring i dit liv? At ruste dig mentalt til at du kan, du vil, og du g\u00f8r det, der er godt for dig og dermed ogs\u00e5 dine n\u00e6rmeste?<\/p>\n<\/div>\n\n\n\n<div class=\"wp-block-column is-layout-flow wp-block-column-is-layout-flow\">\n<p>Du kan sp\u00f8rge dig selv:<\/p>\n\n\n\n<ul class=\"wp-block-list\">\n<li>Kunne du t\u00e6nke dig at slippe af med din stress?<\/li>\n\n\n\n<li>Kunne du t\u00e6nke dig at blive bedre til at sige fra?<\/li>\n\n\n\n<li>At passe bedre p\u00e5 dig selv ?<\/li>\n\n\n\n<li>Kunne du t\u00e6nke dig redskaber til at styre dine tanker i pressede situationer?<\/li>\n\n\n\n<li>Hvordan ville dit liv v\u00e6re, uden mentalt at v\u00e6re presset hele tiden?<\/li>\n<\/ul>\n<\/div>\n<\/div>\n<\/details>\n<\/div>\n<\/div>\n\n\n\n<div style=\"height:70px\" aria-hidden=\"true\" class=\"wp-block-spacer\"><\/div>\n\n\n\n<div class=\"wp-block-group has-border-color has-background has-global-padding is-layout-constrained wp-block-group-is-layout-constrained\" style=\"border-color:#e1ebff;border-width:20px;background-color:#e1ebff\">\n<p class=\"has-text-align-center is-style-text-subtitle is-style-text-subtitle--3\">Er du en kvinde p\u00e5 45-60 \u00e5r, der \u00f8nsker at tabe sig?<\/p>\n\n\n\n<div class=\"wp-block-buttons has-background is-content-justification-center is-layout-flex wp-container-core-buttons-is-layout-1 wp-block-buttons-is-layout-flex\" style=\"background-color:#e1ebff\">\n<div class=\"wp-block-button\"><a class=\"wp-block-button__link has-accent-4-background-color has-background wp-element-button\" href=\"https:\/\/anitabett.dk\/index.php\/online-forloeb-for-kvinder-i-alderen-45-60-aar\/\">L\u00e6s om onlineforl\u00f8b her<\/a><\/div>\n<\/div>\n<\/div>\n\n\n\n<div style=\"height:70px\" aria-hidden=\"true\" class=\"wp-block-spacer\"><\/div>\n\n\n\n<div class=\"wp-block-group alignfull has-base-background-color has-background has-global-padding is-layout-constrained wp-container-core-group-is-layout-7 wp-block-group-is-layout-constrained\" style=\"margin-top:0;margin-bottom:0;padding-top:var(--wp--preset--spacing--50);padding-right:var(--wp--preset--spacing--50);padding-bottom:var(--wp--preset--spacing--50);padding-left:var(--wp--preset--spacing--50)\">\n<hr class=\"wp-block-separator has-alpha-channel-opacity\" id=\"kombineret\"\/>\n\n\n\n<h2 class=\"wp-block-heading has-text-align-center\">Kombineret behandling<\/h2>\n\n\n\n<div style=\"height:35px\" aria-hidden=\"true\" class=\"wp-block-spacer\"><\/div>\n\n\n\n<div class=\"wp-block-columns alignwide is-layout-flex wp-container-core-columns-is-layout-6 wp-block-columns-is-layout-flex\">\n<div class=\"wp-block-column is-layout-flow wp-block-column-is-layout-flow\">\n<p>\u200bDa jeg var under uddannelse til hypnoterapeut gav jeg adskillige pr\u00f8ve-hypnoser. Nogle af &#8220;pr\u00f8vekaninerne&#8221; var vant til at komme i klinikken og f\u00e5 massage. Da de alligevel var i klinikken for hypnosen, ville de derfor ogs\u00e5 gerne have massage. Da de netop havde f\u00e5et hypnose, endte det med, at hypnosen fortsatte p\u00e5 briksen, &#8211; og med fantastisk effekt.&nbsp;<\/p>\n\n\n\n<p>Jeg har derfor arbejdet videre med kombinationen, som kan bruges til at arbejde med mentale emner, hvor man f\u00e5r kroppen &#8220;med&#8221;.<\/p>\n\n\n\n<p>Kombi-behandlingen starter med en samtale om, hvilket emne vi skal arbejde med, &#8211; som et mentalt redskab, hvor kroppen kommer med. Det kunne v\u00e6re, hvor man har nogle mentale begr\u00e6nsninger, som s\u00e6tter sig i kroppen som sp\u00e6ndinger. Eller traumer og ubearbejdede oplevelser som stadig sidder i kroppen. Ved at arbejde med det mentale via hypnosen, f\u00e5r vi fat i hvor i kroppen det sidder gemt helt p\u00e5 celleplan.&nbsp;<\/p>\n<\/div>\n\n\n\n<div class=\"wp-block-column is-layout-flow wp-block-column-is-layout-flow\">\n<p>Det kan ogs\u00e5 v\u00e6re m\u00e5l og \u00f8nsker for fremtiden, &#8211; hvor vi under behandlingen f\u00e5r kroppen &#8220;med&#8221; ved at massere \u00f8nsket ind i hver muskel i kroppen.<\/p>\n\n\n\n<p>Krop og sind h\u00e6nger sammen. Kroppen husker selvom tankerne fortr\u00e6nger. Derfor er massage et rigtig st\u00e6rkt redskab til at f\u00e5 fat i gamle ubearbejdede oplevelser. Ved at bruge hypnose samtidigt, f\u00e5r vi fat i roden, ved hj\u00e6lp af underbevidstheden.<\/p>\n\n\n\n<figure class=\"wp-block-image size-full is-resized\"><img loading=\"lazy\" decoding=\"async\" width=\"1024\" height=\"576\" src=\"http:\/\/anitabett.dk\/wp-content\/uploads\/2025\/11\/balance.jpg\" alt=\"\" class=\"wp-image-137\" style=\"width:453px;height:auto\" srcset=\"https:\/\/anitabett.dk\/wp-content\/uploads\/2025\/11\/balance.jpg 1024w, https:\/\/anitabett.dk\/wp-content\/uploads\/2025\/11\/balance-300x169.jpg 300w, https:\/\/anitabett.dk\/wp-content\/uploads\/2025\/11\/balance-768x432.jpg 768w\" sizes=\"auto, (max-width: 1024px) 100vw, 1024px\" \/><\/figure>\n<\/div>\n<\/div>\n<\/div>\n\n\n\n<div class=\"wp-block-buttons is-content-justification-center is-layout-flex wp-container-core-buttons-is-layout-2 wp-block-buttons-is-layout-flex\">\n<div class=\"wp-block-button\"><a class=\"wp-block-button__link has-accent-4-background-color has-background wp-element-button\" href=\"https:\/\/massage-briksen.planway.com\/\" target=\"_blank\" rel=\"noreferrer noopener\">Book tid her<\/a><\/div>\n<\/div>\n","protected":false},"excerpt":{"rendered":"<p>Hop til: Form\u00e5l, Kombineret behandling Hypnose er en tilstand, hvor bevidsthedens kritiske sans passiviseres i en mental fokusering. Det opleves naturligt ved fx dagdr\u00f8mme, at falde i staver eller at blive opslugt. Under hypnose g\u00e5r man ind og arbejder aktivt med underbevidstheden, s\u00e5 den fokuseres p\u00e5 at \u00e6ndre p\u00e5 uhensigtsm\u00e6ssig vanet\u00e6nkning, som styrer dit liv. [&hellip;]<\/p>\n","protected":false},"author":1,"featured_media":0,"parent":0,"menu_order":0,"comment_status":"closed","ping_status":"closed","template":"","meta":{"footnotes":""},"class_list":["post-6","page","type-page","status-publish","hentry"],"_links":{"self":[{"href":"https:\/\/anitabett.dk\/index.php\/wp-json\/wp\/v2\/pages\/6","targetHints":{"allow":["GET"]}}],"collection":[{"href":"https:\/\/anitabett.dk\/index.php\/wp-json\/wp\/v2\/pages"}],"about":[{"href":"https:\/\/anitabett.dk\/index.php\/wp-json\/wp\/v2\/types\/page"}],"author":[{"embeddable":true,"href":"https:\/\/anitabett.dk\/index.php\/wp-json\/wp\/v2\/users\/1"}],"replies":[{"embeddable":true,"href":"https:\/\/anitabett.dk\/index.php\/wp-json\/wp\/v2\/comments?post=6"}],"version-history":[{"count":9,"href":"https:\/\/anitabett.dk\/index.php\/wp-json\/wp\/v2\/pages\/6\/revisions"}],"predecessor-version":[{"id":138,"href":"https:\/\/anitabett.dk\/index.php\/wp-json\/wp\/v2\/pages\/6\/revisions\/138"}],"wp:attachment":[{"href":"https:\/\/anitabett.dk\/index.php\/wp-json\/wp\/v2\/media?parent=6"}],"curies":[{"name":"wp","href":"https:\/\/api.w.org\/{rel}","templated":true}]}}