{"id":53,"date":"2025-04-27T12:29:06","date_gmt":"2025-04-27T12:29:06","guid":{"rendered":"https:\/\/anitabett.dk\/?page_id=53"},"modified":"2026-03-02T08:45:41","modified_gmt":"2026-03-02T07:45:41","slug":"online-forloeb-for-kvinder-i-alderen-45-60-aar","status":"publish","type":"page","link":"https:\/\/anitabett.dk\/index.php\/online-forloeb-for-kvinder-i-alderen-45-60-aar\/","title":{"rendered":"Online forl\u00f8b"},"content":{"rendered":"\n<div class=\"wp-block-group alignwide has-global-padding is-layout-constrained wp-block-group-is-layout-constrained\">\n<p class=\"has-text-align-right has-small-font-size\">Hop til: <a href=\"#forl\u00f8bet\" data-type=\"internal\" data-id=\"#forl\u00f8bet\">Forl\u00f8bet<\/a>, <a href=\"#indhold\" data-type=\"internal\" data-id=\"#indhold\">Indhold<\/a>, <a href=\"#tilmelding\">Tilmelding<\/a>, <a href=\"#anbefaling\">Anbefalinger<\/a><\/p>\n\n\n\n<blockquote class=\"wp-block-quote alignwide has-text-align-right has-base-background-color has-background is-layout-flow wp-block-quote-is-layout-flow\">\n<p class=\"has-text-align-right is-style-text-subtitle is-style-text-subtitle--1\"><strong>Stop de konstante tanker om mad &#8211; og opn\u00e5 et v\u00e6gttab, der holder <\/strong><br><strong>&#8211; for kvinder 45-60 \u00e5r<\/strong>.<\/p>\n<\/blockquote>\n<\/div>\n\n\n\n<div class=\"wp-block-group alignwide has-global-padding is-layout-constrained wp-block-group-is-layout-constrained\">\n<div style=\"height:35px\" aria-hidden=\"true\" class=\"wp-block-spacer\"><\/div>\n\n\n\n<div class=\"wp-block-columns alignwide are-vertically-aligned-center is-style-default is-layout-flex wp-container-core-columns-is-layout-1 wp-block-columns-is-layout-flex\" style=\"border-style:none;border-width:0px\">\n<div class=\"wp-block-column is-vertically-aligned-center is-layout-flow wp-block-column-is-layout-flow\">\n<p class=\"has-text-align-center is-style-text-subtitle is-style-text-subtitle--2\">Et online forl\u00f8b, hvor du arbejder med dine tanker, vaner og underbevidsthed, s\u00e5 v\u00e6gttab ikke l\u00e6ngere kr\u00e6ver viljestyrke afsavn eller kamp. <\/p>\n<\/div>\n\n\n\n<div class=\"wp-block-column is-vertically-aligned-center is-layout-flow wp-block-column-is-layout-flow\">\n<figure class=\"wp-block-image size-full has-custom-border\"><img loading=\"lazy\" decoding=\"async\" width=\"1024\" height=\"480\" src=\"https:\/\/anitabett.dk\/wp-content\/uploads\/2025\/04\/image0-1.jpeg\" alt=\"\" class=\"wp-image-56\" style=\"border-radius:20px\" srcset=\"https:\/\/anitabett.dk\/wp-content\/uploads\/2025\/04\/image0-1.jpeg 1024w, https:\/\/anitabett.dk\/wp-content\/uploads\/2025\/04\/image0-1-300x141.jpeg 300w, https:\/\/anitabett.dk\/wp-content\/uploads\/2025\/04\/image0-1-768x360.jpeg 768w\" sizes=\"auto, (max-width: 1024px) 100vw, 1024px\" \/><\/figure>\n<\/div>\n<\/div>\n\n\n\n<div style=\"height:35px\" aria-hidden=\"true\" class=\"wp-block-spacer\"><\/div>\n<\/div>\n\n\n\n<div class=\"wp-block-group alignwide has-global-padding is-content-justification-center is-layout-constrained wp-block-group-is-layout-constrained\">\n<div class=\"wp-block-group alignwide is-content-justification-center is-nowrap is-layout-flex wp-container-core-group-is-layout-5 wp-block-group-is-layout-flex\">\n<div class=\"wp-block-group has-global-padding is-layout-constrained wp-block-group-is-layout-constrained\">\n<h3 class=\"wp-block-heading is-style-default\">Er dette forl\u00f8b noget for dig?<\/h3>\n\n\n\n<p>Forl\u00f8bet er for dig, som:<\/p>\n\n\n\n<ul class=\"wp-block-list\">\n<li>T\u00e6nker alt for meget p\u00e5 mad, kager og sukker<\/li>\n\n\n\n<li>Har pr\u00f8vet &#8220;alt&#8221;, men falder tilbage i gamle vaner igen<\/li>\n\n\n\n<li>F\u00f8ler, at din krop modarbejder dig<\/li>\n\n\n\n<li>Er tr\u00e6t af at starte forfra igen og igen<\/li>\n\n\n\n<li>Savner st\u00f8tte og forst\u00e5else fra din omgangskreds<\/li>\n\n\n\n<li>Er kvinde p\u00e5 45+ \u00e5r mht. fysisk kunnen<\/li>\n<\/ul>\n<\/div>\n\n\n\n<div class=\"wp-block-group has-global-padding is-layout-constrained wp-block-group-is-layout-constrained\">\n<h3 class=\"wp-block-heading is-style-default\">Hvorfor virker dette forl\u00f8b bedre end andre?<\/h3>\n\n\n\n<p>Forl\u00f8bet virker, fordi:<\/p>\n\n\n\n<ul class=\"wp-block-list\">\n<li>Vi behandler \u00e5rsagen, ikke symptomerne<\/li>\n\n\n\n<li>Vores fokus er p\u00e5 dine tanker, vaner og din underbevidsthed<\/li>\n\n\n\n<li>Hypnose kan skabe varig forandring<\/li>\n\n\n\n<li>Forl\u00f8bet best\u00e5r ikke af forbud, kure og stramme regler<\/li>\n\n\n\n<li>Du bliver en del af et lille hold og et trygt f\u00e6llesskab med andre kvinder i samme livsfase<\/li>\n\n\n\n<li>Forl\u00f8bet er specielt udviklet til kvinder som dig<\/li>\n<\/ul>\n<\/div>\n<\/div>\n\n\n\n<div style=\"height:35px\" aria-hidden=\"true\" class=\"wp-block-spacer\"><\/div>\n\n\n\n<div class=\"wp-block-group is-nowrap is-layout-flex wp-container-core-group-is-layout-8 wp-block-group-is-layout-flex\" style=\"border-style:none;border-width:0px;border-radius:20px;margin-top:0;margin-bottom:0;padding-top:var(--wp--preset--spacing--20);padding-right:var(--wp--preset--spacing--20);padding-bottom:var(--wp--preset--spacing--20);padding-left:var(--wp--preset--spacing--20)\">\n<div class=\"wp-block-group has-border-color has-background is-vertical is-layout-flex wp-container-core-group-is-layout-6 wp-block-group-is-layout-flex\" style=\"border-color:#e1ebff;border-width:20px;border-radius:20px;background-color:#e1ebff;padding-top:0;padding-right:var(--wp--preset--spacing--40);padding-bottom:0;padding-left:var(--wp--preset--spacing--40)\">\n<h3 class=\"wp-block-heading has-text-align-center is-style-default\">Kan du genkende dig selv i dette? <\/h3>\n\n\n\n<p class=\"has-text-align-center is-style-default\" style=\"border-radius:20px\">Du er ikke svag. <br>Du har bare ikke haft de rigtige redskaber &#8211; endnu.<\/p>\n<\/div>\n\n\n\n<div class=\"wp-block-group is-style-default has-border-color has-background is-vertical is-content-justification-center is-layout-flex wp-container-core-group-is-layout-7 wp-block-group-is-layout-flex\" style=\"border-color:#e1ebff;border-width:20px;border-radius:20px;background-color:#e1ebff;padding-top:var(--wp--preset--spacing--20);padding-right:var(--wp--preset--spacing--20);padding-bottom:var(--wp--preset--spacing--20);padding-left:var(--wp--preset--spacing--20)\">\n<p class=\"has-text-align-center is-style-default\">Book din plads p\u00e5 det n\u00e6ste forl\u00f8b:<\/p>\n\n\n\n<div class=\"wp-block-buttons is-content-justification-center is-layout-flex wp-container-core-buttons-is-layout-1 wp-block-buttons-is-layout-flex\">\n<div class=\"wp-block-button\"><a class=\"wp-block-button__link wp-element-button\" href=\"#tilmelding\">Book plads<\/a><\/div>\n<\/div>\n<\/div>\n<\/div>\n\n\n\n<div style=\"height:35px\" aria-hidden=\"true\" id=\"forl\u00f8bet\" class=\"wp-block-spacer\"><\/div>\n<\/div>\n\n\n\n<div class=\"wp-block-group has-global-padding is-content-justification-left is-layout-constrained wp-container-core-group-is-layout-10 wp-block-group-is-layout-constrained\">\n<h2 class=\"wp-block-heading\">Grundforl\u00f8b<\/h2>\n\n\n\n<p>Grundforl\u00f8bet kommer til at foreg\u00e5 over 4 uger, hvor holdet m\u00f8des online p\u00e5 en fast hverdag.&nbsp;I den f\u00f8rste session vil du pr\u00e6ciserer dit m\u00e5l og starte med at beskrive de \u00e6ndrede rutiner og tankegange, du \u00f8nsker. De n\u00e6ste gange vil vi g\u00e5 i dybden med punkterne og hvilke ting i hverdagen, der kan st\u00e5 i vejen for at fastholde dig i dit m\u00e5l.&nbsp;Og sidst men allervigtigst HYPNOSE-praksis,&nbsp;der vil st\u00f8tte dig og \u00e6ndre din tankegang helt inde fra centrum af din underbevidsthed.<\/p>\n\n\n\n<p>P\u00e5 holdet vil du arbejde med lige netop dit m\u00e5l, guidet af mig og st\u00f8ttet af gruppen. Arbejdet vil blive intensivt og personligt, og ved hj\u00e6lp af min metode vil du l\u00e6re redskaber til at fastholde dig i, at denne gang lykkes det.<\/p>\n\n\n\n<p>Arbejdet med at fastholde dit m\u00e5l foreg\u00e5r via opgaver, som du bliver guidet til at l\u00f8se, samt hypnoseteknikker, som er effektive, n\u00e5r du \u00f8nsker at skabe en mental forandring, som f\u00e5r varig virkning. P\u00e5 den m\u00e5de kan du skabe din egen nye virkelighed.&nbsp;<\/p>\n<\/div>\n\n\n\n<div style=\"height:35px\" aria-hidden=\"true\" class=\"wp-block-spacer\"><\/div>\n\n\n\n<h2 class=\"wp-block-heading\">Masterclass-forl\u00f8b<\/h2>\n\n\n\n<p>Masterclass-forl\u00f8bet bygger videre p\u00e5 de principper, vi har arbejdet med i grundforl\u00f8bet. Her f\u00f8lger vi op p\u00e5 de styrker og\/eller svagheder, du er kommet frem til i grundforl\u00f8bet, og finder ud af, hvad der fungerer for dig. Vi uddyber de redskaber, du har tilegnet dig, s\u00e5 du bliver fastholdt i de gode vaner b\u00e5de mentalt og fysisk.<\/p>\n\n\n\n<p>Forl\u00f8bet er for dig, som fik gavn af grundforl\u00f8bet men har behov for lidt ekstra for at holde dig fast i de m\u00e5l, du har sat for dig selv. At skabe varig forandring kr\u00e6ver tid og viljestyrke, og det har du! N\u00e5r kroppen sidder fast i gamle m\u00f8nstre, kan jeg hj\u00e6lpe dig med at f\u00e5 kontrollen tilbage, s\u00e5 din krop arbejder med dig i stedet for mod dig. Med hypnose er det dig, der styrer.<\/p>\n\n\n\n<div class=\"wp-block-group has-global-padding is-content-justification-left is-layout-constrained wp-container-core-group-is-layout-11 wp-block-group-is-layout-constrained\">\n<div style=\"height:35px\" aria-hidden=\"true\" class=\"wp-block-spacer\"><\/div>\n<\/div>\n\n\n\n<div class=\"wp-block-group alignwide has-global-padding is-content-justification-center is-layout-constrained wp-block-group-is-layout-constrained\">\n<div class=\"wp-block-group alignwide is-content-justification-center is-nowrap is-layout-flex wp-container-core-group-is-layout-14 wp-block-group-is-layout-flex\">\n<div class=\"wp-block-group has-global-padding is-layout-constrained wp-block-group-is-layout-constrained\">\n<h3 class=\"wp-block-heading\" id=\"indhold\">Hvad indeholder forl\u00f8bene?<\/h3>\n\n\n\n<ul class=\"wp-block-list\">\n<li>Grundforl\u00f8bet varer 4 uger med et m\u00f8de en gang om ugen<\/li>\n\n\n\n<li>Masterclass-forl\u00f8bet varer 8 uger med et m\u00f8de hver anden uge<\/li>\n\n\n\n<li>M\u00f8derne foreg\u00e5r online, s\u00e5 du deltager hjemmefra<\/li>\n\n\n\n<li>Du f\u00e5r hypnose, der st\u00f8tter dig i at \u00e6ndre dine tanker og vaner<\/li>\n\n\n\n<li>Du f\u00e5r personlig r\u00e5dgivning af en uddannet hypnoterapeut<\/li>\n\n\n\n<li>Der uddeles konkrete hjemmeopgaver, som kan give dig klarhed og retning i din hverdag<\/li>\n\n\n\n<li>Hypnoserne optages og udleveres som lydfil efter hver session<\/li>\n\n\n\n<li>Du f\u00e5r adgang til onlinelektioner i Tai Chi og lignende \u00f8velser, som styrker stofskifte<\/li>\n<\/ul>\n<\/div>\n\n\n\n<div class=\"wp-block-group is-vertical is-layout-flex wp-container-core-group-is-layout-13 wp-block-group-is-layout-flex\">\n<p>Vi har fokus p\u00e5:<\/p>\n\n\n\n<ul class=\"wp-block-list\">\n<li>Sunde og holdbare spise- og indk\u00f8bsvaner<\/li>\n\n\n\n<li>Mentale v\u00e6rkt\u00f8jer til at \u00e6ndre u\u00f8nskede tankem\u00f8nstre<\/li>\n\n\n\n<li>Stress, s\u00f8vn og hverdagsrutiner<\/li>\n\n\n\n<li>Motion og aktivitet uden pres eller krav<\/li>\n\n\n\n<li>Et trygt f\u00e6llesskab, hvor du ikke st\u00e5r alene<\/li>\n<\/ul>\n\n\n\n<div style=\"height:0px\" aria-hidden=\"true\" class=\"wp-block-spacer wp-container-content-2\"><\/div>\n\n\n\n<p class=\"has-text-align-center is-style-text-annotation is-style-text-annotation--3\">Bem\u00e6rk, forl\u00f8bene k\u00f8rer l\u00f8bende, <br>men der er begr\u00e6nsede pladser, s\u00e5 holdene forbliver sm\u00e5. <br>Der er max 5 deltagere p\u00e5 hvert hold.<\/p>\n<\/div>\n<\/div>\n\n\n\n<div style=\"height:35px\" aria-hidden=\"true\" class=\"wp-block-spacer\"><\/div>\n<\/div>\n\n\n\n<div class=\"wp-block-group alignwide has-border-color is-layout-flow wp-block-group-is-layout-flow\" style=\"border-color:#e1ebff;border-width:20px;border-radius:20px\">\n<details class=\"wp-block-details alignwide has-background has-medium-font-size is-layout-flow wp-container-core-details-is-layout-1 wp-block-details-is-layout-flow\" style=\"border-style:none;border-width:0px;background-color:#e1ebff\"><summary>L\u00e6s mere om, hvordan hypnose kan st\u00f8tte dig her.<\/summary>\n<div class=\"wp-block-group alignwide is-nowrap is-layout-flex wp-container-core-group-is-layout-18 wp-block-group-is-layout-flex\" style=\"padding-top:var(--wp--preset--spacing--30);padding-right:var(--wp--preset--spacing--20);padding-bottom:var(--wp--preset--spacing--30);padding-left:var(--wp--preset--spacing--20)\">\n<div class=\"wp-block-group has-global-padding is-layout-constrained wp-block-group-is-layout-constrained\">\n<p>I l\u00f8bet af mit forl\u00f8b for kvinder i alderen 45 til 60 \u00e5r, f\u00e5r du hj\u00e6lp til at fastholde dig i din beslutning om at tabe dig og \u00e6ndre dine spisevaner.<\/p>\n\n\n\n<p>N\u00e5r du selv arbejder med dit \u00f8nskede m\u00e5l, om det er v\u00e6gttab, overspisning eller sukkerafh\u00e6ngighed, vil du komme helt ind til essensen af din udfordring. Netop ved den intensive fokus, vil du kunne beskrive n\u00f8jagtig, hvor du \u00f8nsker at n\u00e5 hen med dine spisevaner og dit helbred. Det arbejde du l\u00e6gger i det, vil b\u00e6re frugt langt ind i fremtiden, og skabe varige resultater.<\/p>\n<\/div>\n\n\n\n<div class=\"wp-block-group has-global-padding is-layout-constrained wp-block-group-is-layout-constrained\">\n<p>Undervejs vil nogle af emnerne, der bliver gennemg\u00e5et, st\u00f8tte op om dit \u00f8nske om \u00e6ndring i spisevaner. Emnerne vi vil gennemg\u00e5 er tankem\u00f8nstre omkring emnet, og om dig selv, vaner for indk\u00f8b, spisning og gamle overbevisninger.<\/p>\n\n\n\n<p>Du forpligter dig undervejs overfor dig selv, du har taget en beslutning, og den beslutning kanaliseres over i en intention om en forandring.<\/p>\n\n\n\n<p>Hypnosen vil st\u00f8tte op om din beslutning, og let og ubesv\u00e6ret \u00e6ndre p\u00e5 dine, tanker, handlem\u00f8nstre og vaner. Dit liv vil \u00e6ndre sig i forhold til, hvilken beslutning du har taget, og hvordan du \u00f8nsker, at dit liv skal se ud i fremtiden, n\u00e5r du laver de n\u00f8dvendige \u00e6ndringer.<\/p>\n<\/div>\n<\/div>\n<\/details>\n<\/div>\n\n\n\n<div style=\"height:28px;width:0px\" aria-hidden=\"true\" id=\"tilmelding\" class=\"wp-block-spacer\"><\/div>\n\n\n\n<div class=\"wp-block-group alignwide is-content-justification-center is-nowrap is-layout-flex wp-container-core-group-is-layout-22 wp-block-group-is-layout-flex\">\n<div class=\"wp-block-group has-border-color has-global-padding is-content-justification-left is-layout-constrained wp-container-core-group-is-layout-20 wp-block-group-is-layout-constrained\" style=\"border-color:#ffffff00;border-width:20px;margin-top:0;margin-bottom:0;padding-right:0;padding-left:0\">\n<h3 class=\"wp-block-heading has-text-align-left\" id=\"forventninger\">Hvad kan du forvente at opn\u00e5 her?<\/h3>\n\n\n\n<p class=\"has-text-align-left\">Forstil dig en hverdag, hvor mad fylder mindre i dine tanker, du spiser roligt og bevidst, og du stoler mere p\u00e5 dig selv. V\u00e6gttab beh\u00f8ves ikke f\u00f8les som en kamp, og du kan opn\u00e5 ro i b\u00e5de krop og sind. Det er d\u00e9t, vi arbejder os hen imod sammen.<br><\/p>\n\n\n\n<h3 class=\"wp-block-heading\">Tilmeld dig her<\/h3>\n\n\n\n<p class=\"has-text-align-left\">Meld dig til ved at kontakte mig over mobil eller mail, eller tilmeld dig min Facebook-gruppe, hvor du kan finde mere information og l\u00f8bende opdateringer. S\u00e5 hj\u00e6lper jeg og andre ligesindede dig med at skabe din egen nye virkelighed. <\/p>\n\n\n\n<div class=\"wp-block-buttons is-content-justification-left is-layout-flex wp-container-core-buttons-is-layout-2 wp-block-buttons-is-layout-flex\">\n<div class=\"wp-block-button\"><a class=\"wp-block-button__link has-accent-4-background-color has-background wp-element-button\" href=\"tlf:+4520331966\">Ring<\/a><\/div>\n\n\n\n<div class=\"wp-block-button\"><a class=\"wp-block-button__link has-accent-4-background-color has-background wp-element-button\" href=\"mailto:anitabettbertelsen@gmail.com\">Send mail<\/a><\/div>\n\n\n\n<div class=\"wp-block-button\"><a class=\"wp-block-button__link has-accent-4-background-color has-background wp-element-button\" href=\"https:\/\/www.facebook.com\/groups\/1307217156755074\" target=\"_blank\" rel=\"noreferrer noopener\">Facebook-gruppe<\/a><\/div>\n<\/div>\n<\/div>\n\n\n\n<div class=\"wp-block-group is-style-default has-border-color has-background has-global-padding is-layout-constrained wp-block-group-is-layout-constrained\" style=\"border-color:#e1ebff;border-width:20px;border-radius:20px;background-color:#e1ebff\">\n<p id=\"anbefaling\"><strong>Hvad siger andre om forl\u00f8bet?<\/strong><\/p>\n\n\n\n<p class=\"has-small-font-size\">Klik og l\u00e6s mere:<\/p>\n\n\n<ul style=\"line-height:1.75;\" class=\"wp-block-page-list has-large-font-size\"><li class=\"wp-block-pages-list__item\"><a class=\"wp-block-pages-list__item__link\" href=\"https:\/\/anitabett.dk\/index.php\/online-forloeb-for-kvinder-i-alderen-45-60-aar\/birgittes-anbefaling\/\">Birgitte: Jeg har f\u00e5et mit indre i dyb ro<\/a><\/li><li class=\"wp-block-pages-list__item\"><a class=\"wp-block-pages-list__item__link\" href=\"https:\/\/anitabett.dk\/index.php\/online-forloeb-for-kvinder-i-alderen-45-60-aar\/marias-anbefaling\/\">Maria: Mit selvbillede er blevet meget bedre nu!<\/a><\/li><li class=\"wp-block-pages-list__item\"><a class=\"wp-block-pages-list__item__link\" href=\"https:\/\/anitabett.dk\/index.php\/online-forloeb-for-kvinder-i-alderen-45-60-aar\/mariannes-anbefaling\/\">Marianne: Jeg har en anden tilgang til mine madvaner p\u00e5 ferie<\/a><\/li><li class=\"wp-block-pages-list__item\"><a class=\"wp-block-pages-list__item__link\" href=\"https:\/\/anitabett.dk\/index.php\/online-forloeb-for-kvinder-i-alderen-45-60-aar\/tinas-anbefaling\/\">Tina: Plads til b\u00e5de grin og alvor<\/a><\/li><li class=\"wp-block-pages-list__item\"><a class=\"wp-block-pages-list__item__link\" href=\"https:\/\/anitabett.dk\/index.php\/online-forloeb-for-kvinder-i-alderen-45-60-aar\/vibekes-anbefaling\/\">Vibeke: De daglige tanker om mad er n\u00e6rmest ikke-eksisterende<\/a><\/li><\/ul><\/div>\n<\/div>\n\n\n\n<div class=\"wp-block-group alignwide is-vertical is-content-justification-stretch is-layout-flex wp-container-core-group-is-layout-23 wp-block-group-is-layout-flex\" style=\"padding-right:var(--wp--preset--spacing--80);padding-left:var(--wp--preset--spacing--80)\">\n<div style=\"height:0px\" aria-hidden=\"true\" class=\"wp-block-spacer wp-container-content-3\"><\/div>\n\n\n\n<h3 class=\"wp-block-heading\">Har du nogle sp\u00f8rgsm\u00e5l?<\/h3>\n\n\n\n<p>Udfyld denne formular, s\u00e5 kontakter jeg dig snarest muligt.<\/p>\n\n\n<style id=\"fluentform-block-custom-styles-3\">.fluentform.fluentform_wrapper_3.ff_guten_block.ff_guten_block-3 .ff-el-input--label label { color: #485882; }\n.fluentform.fluentform_wrapper_3.ff_guten_block.ff_guten_block-3 .ff_submit_btn_wrapper { text-align: right; }\n.fluentform.fluentform_wrapper_3.ff_guten_block.ff_guten_block-3 .ff_submit_btn_wrapper .ff-btn-submit { background-color: #485882; }\n<\/style><div class='fluentform ff-default fluentform_wrapper_3  ff_guten_block ff_guten_block-3 ffs_default_wrap'><form data-form_id=\"3\" id=\"fluentform_3\" class=\"frm-fluent-form fluent_form_3 ff-el-form-top ff_form_instance_3_1 ff-form-loading ffs_default\" data-form_instance=\"ff_form_instance_3_1\" method=\"POST\" ><fieldset  style=\"border: none!important;margin: 0!important;padding: 0!important;background-color: transparent!important;box-shadow: none!important;outline: none!important; min-inline-size: 100%;\">\n                    <legend class=\"ff_screen_reader_title\" style=\"display: block; margin: 0!important;padding: 0!important;height: 0!important;text-indent: -999999px;width: 0!important;overflow:hidden;\">Kontaktformular<\/legend><input type='hidden' name='__fluent_form_embded_post_id' value='53' \/><input type=\"hidden\" id=\"_fluentform_3_fluentformnonce\" name=\"_fluentform_3_fluentformnonce\" value=\"252a8e7d55\" \/><input type=\"hidden\" name=\"_wp_http_referer\" value=\"\/index.php\/wp-json\/wp\/v2\/pages\/53\" \/><div data-type=\"name-element\" data-name=\"names\" class=\" ff-field_container ff-name-field-wrapper\" ><div class='ff-t-container'><div class='ff-t-cell '><div class='ff-el-group'><div class=\"ff-el-input--label ff-el-is-required asterisk-right\"><label for='ff_3_names_first_name_' id='label_ff_3_names_first_name_' >Navn<\/label><div class=\"ff-el-tooltip\" data-content=\"Indtast dit navn her\"><svg width=\"16\" height=\"16\" viewBox=\"0 0 25 25\"><path d=\"m329 393l0-46c0-2-1-4-2-6-2-2-4-3-7-3l-27 0 0-146c0-3-1-5-3-7-2-1-4-2-7-2l-91 0c-3 0-5 1-7 2-1 2-2 4-2 7l0 46c0 2 1 5 2 6 2 2 4 3 7 3l27 0 0 91-27 0c-3 0-5 1-7 3-1 2-2 4-2 6l0 46c0 3 1 5 2 7 2 1 4 2 7 2l128 0c3 0 5-1 7-2 1-2 2-4 2-7z m-36-256l0-46c0-2-1-4-3-6-2-2-4-3-7-3l-54 0c-3 0-5 1-7 3-2 2-3 4-3 6l0 46c0 3 1 5 3 7 2 1 4 2 7 2l54 0c3 0 5-1 7-2 2-2 3-4 3-7z m182 119c0 40-9 77-29 110-20 34-46 60-80 80-33 20-70 29-110 29-40 0-77-9-110-29-34-20-60-46-80-80-20-33-29-70-29-110 0-40 9-77 29-110 20-34 46-60 80-80 33-20 70-29 110-29 40 0 77 9 110 29 34 20 60 46 80 80 20 33 29 70 29 110z\" transform=\"scale(0.046875 0.046875)\"><\/path><\/svg><\/div><\/div><div class='ff-el-input--content'><input type=\"text\" name=\"names[first_name]\" id=\"ff_3_names_first_name_\" class=\"ff-el-form-control\" placeholder=\"Navn\" aria-invalid=\"false\" aria-required=true><\/div><\/div><\/div><\/div><\/div><div class='ff-el-group'><div class=\"ff-el-input--label ff-el-is-required asterisk-right\"><label for='ff_3_email' id='label_ff_3_email' aria-label=\"E-mail\">E-mail<\/label><\/div><div class='ff-el-input--content'><input type=\"email\" name=\"email\" id=\"ff_3_email\" class=\"ff-el-form-control\" placeholder=\"E-mail\" data-name=\"email\"  aria-invalid=\"false\" aria-required=true><\/div><\/div><div class='ff-el-group'><div class=\"ff-el-input--label ff-el-is-required asterisk-right\"><label for='ff_3_input_text' id='label_ff_3_input_text' aria-label=\"Telefonnummer\">Telefonnummer<\/label><\/div><div class='ff-el-input--content'><input type=\"text\" name=\"input_text\" class=\"ff-el-form-control\" placeholder=\"Telefonnummer\" data-name=\"input_text\" id=\"ff_3_input_text\"  aria-invalid=\"false\" aria-required=true><\/div><\/div><div class='ff-el-group'><div class=\"ff-el-input--label asterisk-right\"><label for='ff_3_subject' id='label_ff_3_subject' aria-label=\"Emne\">Emne<\/label><\/div><div class='ff-el-input--content'><input type=\"text\" name=\"subject\" class=\"ff-el-form-control\" placeholder=\"Emne\" data-name=\"subject\" id=\"ff_3_subject\"  aria-invalid=\"false\" aria-required=false><\/div><\/div><div class='ff-el-group'><div class=\"ff-el-input--label ff-el-is-required asterisk-right\"><label for='ff_3_message' id='label_ff_3_message' aria-label=\"Din besked\">Din besked<\/label><\/div><div class='ff-el-input--content'><textarea aria-required=\"true\" aria-labelledby=\"label_ff_3_message\" name=\"message\" id=\"ff_3_message\" class=\"ff-el-form-control\" placeholder=\"Din besked\" rows=\"4\" cols=\"2\" data-name=\"message\" ><\/textarea><\/div><\/div><div class='ff-el-group ff-text-right ff_submit_btn_wrapper'><button type=\"submit\" class=\"ff-btn ff-btn-submit ff-btn-md ff_btn_style\"  aria-label=\"Send besked\">Send besked<\/button><\/div><\/fieldset><\/form><div id='fluentform_3_errors' class='ff-errors-in-stack ff_form_instance_3_1 ff-form-loading_errors ff_form_instance_3_1_errors'><\/div><\/div>            <script type=\"text\/javascript\">\n                window.fluent_form_ff_form_instance_3_1 = {\"id\":\"3\",\"ajaxUrl\":\"https:\\\/\\\/anitabett.dk\\\/wp-admin\\\/admin-ajax.php\",\"settings\":{\"layout\":{\"labelPlacement\":\"top\",\"asteriskPlacement\":\"asterisk-right\",\"helpMessagePlacement\":\"with_label\",\"errorMessagePlacement\":\"inline\",\"cssClassName\":\"\"},\"restrictions\":{\"denyEmptySubmission\":{\"enabled\":false}}},\"form_instance\":\"ff_form_instance_3_1\",\"form_id_selector\":\"fluentform_3\",\"rules\":{\"names[first_name]\":{\"required\":{\"value\":true,\"message\":\"Dette felt er p\\u00e5kr\\u00e6vet\",\"global\":false,\"global_message\":\"This field is required\"}},\"names[middle_name]\":{\"required\":{\"value\":false,\"message\":\"This field is required\",\"global\":true,\"global_message\":\"This field is required\"}},\"names[last_name]\":{\"required\":{\"value\":false,\"message\":\"This field is required\",\"global\":true,\"global_message\":\"This field is required\"}},\"email\":{\"required\":{\"value\":true,\"message\":\"Dette felt er p\\u00e5kr\\u00e6vet\",\"global\":false,\"global_message\":\"This field is required\"},\"email\":{\"value\":true,\"message\":\"Den indtastede e-mail er ugyldig - pr\\u00f8v igen\",\"global\":false,\"global_message\":\"This field must contain a valid email\"}},\"input_text\":{\"required\":{\"value\":true,\"message\":\"Dette felt er p\\u00e5kr\\u00e6vet\",\"global_message\":\"This field is required\",\"global\":false}},\"subject\":{\"required\":{\"value\":false,\"message\":\"This field is required\",\"global\":true,\"global_message\":\"This field is required\"}},\"message\":{\"required\":{\"value\":true,\"message\":\"Dette felt er p\\u00e5kr\\u00e6vet\",\"global\":false,\"global_message\":\"This field is required\"}}},\"debounce_time\":300};\n                            <\/script>\n            <\/div>\n","protected":false},"excerpt":{"rendered":"<p>Hop til: Forl\u00f8bet, Indhold, Tilmelding, Anbefalinger Stop de konstante tanker om mad &#8211; og opn\u00e5 et v\u00e6gttab, der holder &#8211; for kvinder 45-60 \u00e5r. Et online forl\u00f8b, hvor du arbejder med dine tanker, vaner og underbevidsthed, s\u00e5 v\u00e6gttab ikke l\u00e6ngere kr\u00e6ver viljestyrke afsavn eller kamp. Er dette forl\u00f8b noget for dig? Forl\u00f8bet er for dig, [&hellip;]<\/p>\n","protected":false},"author":1,"featured_media":0,"parent":0,"menu_order":0,"comment_status":"closed","ping_status":"closed","template":"","meta":{"footnotes":""},"class_list":["post-53","page","type-page","status-publish","hentry"],"_links":{"self":[{"href":"https:\/\/anitabett.dk\/index.php\/wp-json\/wp\/v2\/pages\/53","targetHints":{"allow":["GET"]}}],"collection":[{"href":"https:\/\/anitabett.dk\/index.php\/wp-json\/wp\/v2\/pages"}],"about":[{"href":"https:\/\/anitabett.dk\/index.php\/wp-json\/wp\/v2\/types\/page"}],"author":[{"embeddable":true,"href":"https:\/\/anitabett.dk\/index.php\/wp-json\/wp\/v2\/users\/1"}],"replies":[{"embeddable":true,"href":"https:\/\/anitabett.dk\/index.php\/wp-json\/wp\/v2\/comments?post=53"}],"version-history":[{"count":42,"href":"https:\/\/anitabett.dk\/index.php\/wp-json\/wp\/v2\/pages\/53\/revisions"}],"predecessor-version":[{"id":243,"href":"https:\/\/anitabett.dk\/index.php\/wp-json\/wp\/v2\/pages\/53\/revisions\/243"}],"wp:attachment":[{"href":"https:\/\/anitabett.dk\/index.php\/wp-json\/wp\/v2\/media?parent=53"}],"curies":[{"name":"wp","href":"https:\/\/api.w.org\/{rel}","templated":true}]}}