{"id":232,"date":"2026-03-02T08:41:10","date_gmt":"2026-03-02T07:41:10","guid":{"rendered":"https:\/\/anitabett.dk\/?page_id=232"},"modified":"2026-03-02T08:41:10","modified_gmt":"2026-03-02T07:41:10","slug":"tinas-anbefaling","status":"publish","type":"page","link":"https:\/\/anitabett.dk\/index.php\/online-forloeb-for-kvinder-i-alderen-45-60-aar\/tinas-anbefaling\/","title":{"rendered":"Tina: Plads til b\u00e5de grin og alvor"},"content":{"rendered":"\n<blockquote class=\"wp-block-quote is-layout-flow wp-block-quote-is-layout-flow\">\n<p class=\"has-text-align-center\"><em>Jeg vil give Anitabett mine bedste anbefalinger.\u00a0\u00a0<\/em><\/p>\n<\/blockquote>\n\n\n\n<p>Efter at have deltaget i et&nbsp;onlineforl\u00f8b \u2013 Varigt v\u00e6gttab &#8211; hos Anitabett,&nbsp;st\u00e5r jeg i dag med&nbsp;nogle redskaber at arbejde&nbsp;videre&nbsp;med.&nbsp;&nbsp;<\/p>\n\n\n\n<p>Jeg vil godt starte med at rose hendes hypnoser, noget som jeg ikke havde pr\u00f8vet f\u00f8r. Hypnoserne var det, der gjorde, at jeg\u00a0i f\u00f8rste omgang\u00a0valgte et forl\u00f8b hos Anitabett. <\/p>\n\n\n\n<p>Jeg har hele tiden v\u00e6ret bevidst om, at \u00e6ndringer skal komme indefra, og at jeg skulle arbejde med mit mindset. Noget skulle kodes om i min hjerne, og det blev\u00a0der!\u00a0Der kom mere ro p\u00e5, n\u00e5r der for eksempel kom kage p\u00e5 bordet. Jeg smagte stadig p\u00e5 kagen, men slet ikke i den samme m\u00e6ngde. Et stykke p\u00e5 st\u00f8rrelse med en lillefinger, og\u00a0det var helt\u00a0ok for mig.\u00a0\u00a0<\/p>\n\n\n\n<p>Under en af hypnoserne visualiserede jeg meget tydeligt, hvordan jeg s\u00e5 ud, og hvordan jeg havde det, n\u00e5r jeg n\u00e5ede mit m\u00e5l \u2013 det var helt vildt,&nbsp;og det var en meget rar f\u00f8lelse.&nbsp;&nbsp;<\/p>\n\n\n\n<p>Alle hypnoser tager udgangspunkt i ens egne \u00f8nsker og det, der er vigtigt for en. Og s\u00e5 har vi dem i \u00f8vrigt til evigt eje og kan lytte til dem, n\u00e5r man har brug for det.&nbsp;Derudover gennemgik vi forskellige&nbsp;emner og fik redskaber, som ogs\u00e5 er med til at underst\u00f8tte vejen til&nbsp;de m\u00e5l, vi \u00f8nsker os.<\/p>\n\n\n\n<p>P\u00e5 dette forl\u00f8b deltog der 5 andre. Vi blev hurtigt trygge ved hinanden, og der&nbsp;var b\u00e5de plads til grin og alvor.&nbsp;Der blev udvekslet gode ideer til blandt andet tr\u00e6ning, og hvad der virkede for os hver is\u00e6r.&nbsp;Anitabett indviede os en aften i nogle enkle Tai Chi-\u00f8velser, som ogs\u00e5 er med til at styrke kroppen. Meget interessant at se kroppen som en helhed.&nbsp;&nbsp;<\/p>\n\n\n\n<blockquote class=\"wp-block-quote is-layout-flow wp-block-quote-is-layout-flow\">\n<p class=\"has-text-align-center\"><em>Hvis du \u00f8nsker at g\u00f8re noget godt for dig selv og\u00a0lave \u00e6ndringer i\u00a0dit liv, s\u00e5som et v\u00e6gttab, ja, s\u00e5 giv dig selv et forl\u00f8b hos Anitabett. Du f\u00e5r s\u00e5 meget med i posen.\u00a0<\/em><\/p>\n<\/blockquote>\n\n\n\n<p class=\"has-text-align-right\">&#8211; Tina<\/p>\n","protected":false},"excerpt":{"rendered":"<p>Jeg vil give Anitabett mine bedste anbefalinger.\u00a0\u00a0 Efter at have deltaget i et&nbsp;onlineforl\u00f8b \u2013 Varigt v\u00e6gttab &#8211; hos Anitabett,&nbsp;st\u00e5r jeg i dag med&nbsp;nogle redskaber at arbejde&nbsp;videre&nbsp;med.&nbsp;&nbsp; Jeg vil godt starte med at rose hendes hypnoser, noget som jeg ikke havde pr\u00f8vet f\u00f8r. Hypnoserne var det, der gjorde, at jeg\u00a0i f\u00f8rste omgang\u00a0valgte et forl\u00f8b hos Anitabett. [&hellip;]<\/p>\n","protected":false},"author":1,"featured_media":0,"parent":53,"menu_order":0,"comment_status":"closed","ping_status":"closed","template":"","meta":{"footnotes":""},"class_list":["post-232","page","type-page","status-publish","hentry"],"_links":{"self":[{"href":"https:\/\/anitabett.dk\/index.php\/wp-json\/wp\/v2\/pages\/232","targetHints":{"allow":["GET"]}}],"collection":[{"href":"https:\/\/anitabett.dk\/index.php\/wp-json\/wp\/v2\/pages"}],"about":[{"href":"https:\/\/anitabett.dk\/index.php\/wp-json\/wp\/v2\/types\/page"}],"author":[{"embeddable":true,"href":"https:\/\/anitabett.dk\/index.php\/wp-json\/wp\/v2\/users\/1"}],"replies":[{"embeddable":true,"href":"https:\/\/anitabett.dk\/index.php\/wp-json\/wp\/v2\/comments?post=232"}],"version-history":[{"count":1,"href":"https:\/\/anitabett.dk\/index.php\/wp-json\/wp\/v2\/pages\/232\/revisions"}],"predecessor-version":[{"id":234,"href":"https:\/\/anitabett.dk\/index.php\/wp-json\/wp\/v2\/pages\/232\/revisions\/234"}],"up":[{"embeddable":true,"href":"https:\/\/anitabett.dk\/index.php\/wp-json\/wp\/v2\/pages\/53"}],"wp:attachment":[{"href":"https:\/\/anitabett.dk\/index.php\/wp-json\/wp\/v2\/media?parent=232"}],"curies":[{"name":"wp","href":"https:\/\/api.w.org\/{rel}","templated":true}]}}